{"id":25387,"date":"2023-09-04T15:06:47","date_gmt":"2023-09-04T18:06:47","guid":{"rendered":"https:\/\/revistafadesa.com\/?page_id=25387"},"modified":"2023-09-04T17:27:52","modified_gmt":"2023-09-04T20:27:52","slug":"normas-de-avaliacao","status":"publish","type":"page","link":"https:\/\/revistafadesa.com\/index.php\/shop\/normas-de-avaliacao\/","title":{"rendered":"Normas de Avalia\u00e7\u00e3o"},"content":{"rendered":"\t\t<div data-elementor-type=\"wp-post\" data-elementor-id=\"25387\" class=\"elementor elementor-25387\">\n\t\t\t\t\t\t<section class=\"elementor-section elementor-top-section elementor-element elementor-element-32cc8b1e elementor-section-boxed elementor-section-height-default elementor-section-height-default\" data-id=\"32cc8b1e\" data-element_type=\"section\" data-settings=\"{&quot;background_background&quot;:&quot;gradient&quot;}\">\n\t\t\t\t\t\t<div class=\"elementor-container elementor-column-gap-default\">\n\t\t\t\t\t<div class=\"elementor-column elementor-col-100 elementor-top-column elementor-element elementor-element-207fde47\" data-id=\"207fde47\" data-element_type=\"column\">\n\t\t\t<div class=\"elementor-widget-wrap elementor-element-populated\">\n\t\t\t\t\t\t<div class=\"elementor-element elementor-element-bf92015 elementor-widget elementor-widget-image-box\" data-id=\"bf92015\" data-element_type=\"widget\" data-widget_type=\"image-box.default\">\n\t\t\t\t<div class=\"elementor-widget-container\">\n\t\t\t\t\t<div class=\"elementor-image-box-wrapper\"><div class=\"elementor-image-box-content\"><h1 class=\"elementor-image-box-title\">Normas de Submiss\u00e3o<\/h1><\/div><\/div>\t\t\t\t<\/div>\n\t\t\t\t<\/div>\n\t\t\t\t\t<\/div>\n\t\t<\/div>\n\t\t\t\t\t<\/div>\n\t\t<\/section>\n\t\t\t\t<section class=\"elementor-section elementor-top-section elementor-element elementor-element-715ce554 elementor-section-boxed elementor-section-height-default elementor-section-height-default\" data-id=\"715ce554\" data-element_type=\"section\" data-settings=\"{&quot;background_background&quot;:&quot;classic&quot;}\">\n\t\t\t\t\t\t<div class=\"elementor-container elementor-column-gap-default\">\n\t\t\t\t\t<div class=\"elementor-column elementor-col-100 elementor-top-column elementor-element elementor-element-29407310\" data-id=\"29407310\" data-element_type=\"column\">\n\t\t\t<div class=\"elementor-widget-wrap elementor-element-populated\">\n\t\t\t\t\t\t<div class=\"elementor-element elementor-element-2b727daf elementor-widget elementor-widget-image-box\" data-id=\"2b727daf\" data-element_type=\"widget\" data-widget_type=\"image-box.default\">\n\t\t\t\t<div class=\"elementor-widget-container\">\n\t\t\t\t\t<div class=\"elementor-image-box-wrapper\"><div class=\"elementor-image-box-content\"><p class=\"elementor-image-box-description\">Prezado autor,<br><br>\nAs instru\u00e7\u00f5es a seguir t\u00eam como objetivo auxili\u00e1-lo na prepara\u00e7\u00e3o dos trabalhos cient\u00edficos a serem submetidos \u00e0 <b>Revista Cient\u00edfica FADESA<\/b>. Por favor, leia e siga cuidadosamente as recomenda\u00e7\u00f5es antes de enviar o seu trabalho. A submiss\u00e3o deve ser feita <b>por meio do formul\u00e1rio pr\u00f3prio dispon\u00edvel na aba \"ENVIAR SUBMISS\u00c3O\".<\/b><br><br>\nAgradecemos sua colabora\u00e7\u00e3o e desejamos sucesso em sua submiss\u00e3o!<br><br>\nAtenciosamente,<br><br>\n<b><u>Equipe Editorial da Revista Cient\u00edfica FADESA.<\/u><\/b><br>\n____________________________________________________________________________________________________________________________________________________________<br>\n<b>NORMAS PARA SUBMISS\u00c3O DE ARTIGOS CIENT\u00cdFICOS<\/b><br>\n____________________________________________________________________________________________________________________________________________________________\nTrabalhos que contenham resultados de estudos envolvendo seres humanos ser\u00e3o aceitos para publica\u00e7\u00e3o somente se estiver claro que todos os princ\u00edpios \u00e9ticos foram seguidos durante a investiga\u00e7\u00e3o (favor enviar c\u00f3pia do parecer do comit\u00ea de \u00e9tica). Esses trabalhos devem obrigatoriamente incluir uma afirma\u00e7\u00e3o de que o protocolo de pesquisa foi aprovado por um Comit\u00ea de \u00c9tica em Pesquisa - CEP, conforme estabelecido na Resolu\u00e7\u00e3o 196\/96 do Conselho Nacional de Sa\u00fade, que trata do C\u00f3digo de \u00c9tica da Pesquisa envolvendo Seres Humanos.<br><br>\n*<b> RESTRI\u00c7\u00c3O AUTORAL: <\/b><br><br>\n<b><u>Graduados e Especialistas somente podem publicar na Revista Cient\u00edfica FADESA em coautoria com Mestres ou Doutores.<\/u><\/b><br><br>\n*<b> CONTRIBUI\u00c7\u00c3O ACEITA <\/b><br><br>\n<u><b>ARTIGO CIENT\u00cdFICO (PAPER ):<\/b><\/u><br><br>\nA <b>Revista Cient\u00edfica FADESA<\/b> aceita submiss\u00f5es de <b><u>Artigos Originais<\/u><\/b> tanto em <b><u>portugu\u00eas<\/u><\/b> quanto em <b><u>ingl\u00eas<\/u><\/b>. No caso de artigos submetidos ou que ser\u00e3o publicados em ingl\u00eas, \u00e9 necess\u00e1rio anexar, ap\u00f3s a aceita\u00e7\u00e3o para publica\u00e7\u00e3o, um certificado de revis\u00e3o ou tradu\u00e7\u00e3o (<i>como um arquivo suplementar<\/i>).<br><br>\n<u><b>N\u00e3o aceitamos artigos de REVIS\u00c3O DE LITERATURA.<\/b><\/u><br><br>\n*<b> DOCUMENTOS SUPLEMENTARES OBRIGAT\u00d3RIOS<\/b><br><br>\n<b>A AUTORIA DEVE SER RESTRITA \u00c0QUELES QUE PARTICIPARAM E CONTRIBU\u00cdRAM DE FORMA SUBSTANCIAL PARA O TRABALHO. <\/b><br>\nTodas as informa\u00e7\u00f5es sobre os autores e suas afilia\u00e7\u00f5es devem ser inseridas <b>EXCLUSIVAMENTE<\/b> nos seguintes documentos suplementares, que devem ser anexados (em formato PDF) juntamente com o arquivo principal na submiss\u00e3o:<br><br>\n1.\t<u><i><b>Formul\u00e1rio de Submiss\u00e3o:<\/b><\/i><\/u> Todas as informa\u00e7\u00f5es fornecidas aqui ser\u00e3o analisadas exclusivamente pelo Conselho Editorial. Artigos com informa\u00e7\u00f5es faltantes ou que n\u00e3o estejam em conformidade com a nossa pol\u00edtica editorial n\u00e3o ser\u00e3o aceitos. Por isso, pedimos aten\u00e7\u00e3o ao preenchimento dos dados<br><br>\n2.\t<i><u><b>Cover Letter<\/b><\/u><\/i> (carta de apresenta\u00e7\u00e3o): Essa carta descreve a relev\u00e2ncia do trabalho na \u00e1rea de atua\u00e7\u00e3o, destacando sua originalidade e qualificando-o para publica\u00e7\u00e3o na Revista Cient\u00edfica FADESA. Al\u00e9m disso, deve mencionar que o trabalho n\u00e3o est\u00e1 sendo considerado por outras revistas. Os autores devem estar de acordo com o conte\u00fado da carta e com a submiss\u00e3o do trabalho.<br><br><br>\n*<b> FORMATA\u00c7\u00c3O E PREPARA\u00c7\u00c3O DO ARTIGO:<\/b><br><br>\nOs artigos devem ser preparados utilizando o editor de texto <b>Microsoft Word 2007<\/b> ou posterior, conforme as seguintes especifica\u00e7\u00f5es:<br><br>\n- Os textos devem ser digitados em fonte Times New Roman, tamanho 12, com espa\u00e7amento entrelinhas de 1,5, em folha tamanho A4 (210mm x 297mm), com margem esquerda e superior de 3 cm e margem direita e inferior de 2 cm.<br><br>\n- Formata\u00e7\u00e3o em coluna \u00fanica.<br><br>\n- O <b>arquivo<\/b> deve ter uma extens\u00e3o m\u00ednima de 10 p\u00e1ginas e m\u00e1xima de 20, incluindo refer\u00eancias, figuras e tabelas.<br><br>\n<b>T\u00edtulo:<\/b><br><br>\n<b><i>T\u00edtulo no idioma principal do trabalho<\/i><\/b>: O t\u00edtulo do trabalho n\u00e3o deve exceder 15 palavras. Ele deve ser claro e objetivo, indicando o conte\u00fado da pesquisa. O t\u00edtulo deve estar centralizado, em negrito, sem abreviaturas e com a primeira letra de cada senten\u00e7a em mai\u00fascula.<br>\n<i><b>T\u00edtulo no segundo idioma do trabalho:<\/b><\/i> se o trabalho estiver em portugu\u00eas, o segundo t\u00edtulo deve ser apresentado em ingl\u00eas, e vice-versa. O t\u00edtulo no segundo idioma deve ser inserido logo ap\u00f3s o primeiro t\u00edtulo e seguir as mesmas orienta\u00e7\u00f5es do t\u00edtulo no idioma original do trabalho.<br><br><b>\nAutor(es):<\/b><br><br>\n\u2022\tOs autores n\u00e3o devem ser identificados em nenhuma parte do texto do artigo. A identifica\u00e7\u00e3o deve ser realizada somente no preenchimento do <b>Formul\u00e1rio de Submiss\u00e3o.<\/b><br><br>\n<b>Resumo e Abstract: <\/b><br><br>\nDevem ter, no m\u00e1ximo, 250 palavras cada. Eles devem ser elaborados em um \u00fanico par\u00e1grafo, sem repetir o t\u00edtulo e evitando cita\u00e7\u00f5es. \u00c9 importante explicar todas as siglas por extenso. O trabalho deve conter um resumo em portugu\u00eas (Resumo) e em ingl\u00eas (Abstract).<br><br>\n<b>Palavras-chave e Keywords:<\/b><br><br>\nLogo ap\u00f3s o resumo e o abstract, devem ser indicadas, no m\u00ednimo, 3 e no m\u00e1ximo 5 palavras-chave em portugu\u00eas (Palavras-chave) e em ingl\u00eas (Keywords) no mesmo idioma do texto. Elas devem ser escritas em min\u00fasculas, separadas por v\u00edrgulas, sem ponto final.<br><br>\n- Figuras e tabelas devem estar inseridas no corpo do documento, em posi\u00e7\u00e3o que proporcione o melhor fluxo de leitura, lembrando que as mesmas precisam conter <b>legenda em dois idiomas, portugu\u00eas e ingl\u00eas.<\/b><br><br>\n<b>SE\u00c7\u00d5ES DO TEXTO: <\/b><br><br>\n1.\t<b><u>Introdu\u00e7\u00e3o<\/u><\/b> - Descreva os fundamentos da sua pesquisa, apresentando seus objetivos e justificando-a com base na literatura atualizada.<br><br>\n2.\t<b><u>Referencial te\u00f3rico<\/u><\/b> - Contextualize o tema do seu artigo, recorrendo tanto \u00e0 literatura cl\u00e1ssica quanto \u00e0 atual sobre o assunto.\n3.\tMetodologia - Descreva detalhadamente os m\u00e9todos de coleta e an\u00e1lise de dados, justificando-os.<br><br>\n4.\t<b><u>Resultados e Discuss\u00e3o<\/u><\/b> - Apresente os resultados de forma clara, subdividindo-os em itens e, se necess\u00e1rio, utilizando tabelas e figuras. A discuss\u00e3o deve estar embasada na bibliografia apresentada no referencial te\u00f3rico.<br><br>\n5.\t<b><u>Considera\u00e7\u00f5es finais<\/u><\/b> - Resuma as contribui\u00e7\u00f5es da pesquisa e sugira poss\u00edveis pesquisas futuras.<br><br>\n<b>Refer\u00eancias:<\/b> devem estar de acordo com as normas da ABNT NBR 6023:2018; devem respeitar a seguinte formata\u00e7\u00e3o: espa\u00e7amento simples, separadas por um espa\u00e7o simples, com alinhamento justificado, listadas em ordem alfab\u00e9tica pelo sobrenome; devem contemplar toda e somente a bibliografia citada no texto.<br><br>\n<b>Cita\u00e7\u00f5es no corpo do texto:<\/b> Se o (s) autor (es) for (em) citado (s) entre par\u00eanteses, deve (m) estar (em) apenas com a letra inicial mai\u00fascula, separadas por ponto e v\u00edrgula e em ordem cronol\u00f3gica.<br><br>\n\u2022\tExemplos: (Carlos &amp; Jo\u00e3o, 2009); mais de dois autores (Carlos et al., 2009).\nQuando o nome do autor estiver inclu\u00eddo na senten\u00e7a (frase\/ora\u00e7\u00e3o), deve estar grafado com as iniciais mai\u00fasculas e com a indica\u00e7\u00e3o da data.<br><br>\n\u2022\tExemplo: Carlos &amp; Jo\u00e3o (2009).\nPara mais de dois autores, em cita\u00e7\u00f5es dentro ou fora dos par\u00eanteses, deve-se apresentar o primeiro nome seguido da express\u00e3o \u201cet al.\u201d.<br><br>\n<b>Toda a refer\u00eancia utilizada e citada no texto dever\u00e1, obrigatoriamente, estar na lista de refer\u00eancias, assim como, toda a lista de refer\u00eancias deve estar citada no texto.<\/b><br><br><b>\nILUSTRA\u00c7OES:<\/b><br><br>\n<b>Tabelas:<br><\/b><br>\nAs tabelas devem ser numeradas com algarismos ar\u00e1bicos e apresentadas ao longo do texto. Seus t\u00edtulos devem iniciar-se com a palavra \"Tabela\", seguida da numera\u00e7\u00e3o em algarismos ar\u00e1bicos com ponto e em negrito. Cada tabela deve ter um t\u00edtulo autoexplicativo, claro e conciso.<br><br>\nCaso o trabalho esteja em portugu\u00eas, o segundo t\u00edtulo da tabela deve ser apresentado em ingl\u00eas, e vice-versa. \u00c9 importante evitar o uso de linhas verticais e letras sobrescritas nos valores das tabelas. Em vez disso, linhas horizontais devem ser usadas para separar o t\u00edtulo do cabe\u00e7alho e este do conte\u00fado, al\u00e9m de uma ao final, na base da tabela.<br><br>\nAs tabelas devem ser editadas no Microsoft Word\u00ae 2007 ou posterior e n\u00e3o devem ser importadas do Excel\u00ae ou Powerpoint\u00ae. Elementos enviados no formato de imagem n\u00e3o ser\u00e3o aceitos e podem causar atrasos na avalia\u00e7\u00e3o e publica\u00e7\u00e3o do trabalho. Cada valor presente na tabela deve ser digitado em c\u00e9lulas distintas, centralizado e alinhado.<br><br>\nAs tabelas devem ser dimensionadas da seguinte forma: largura de uma coluna (8 cm) ou de uma p\u00e1gina (17 cm).<br><br>\n<b>Figuras: <\/b><br><br>\nS\u00e3o consideradas figuras todas as ilustra\u00e7\u00f5es, como gr\u00e1ficos, desenhos, mapas, diagramas e fotografias, utilizadas para ilustrar o texto. Elas devem estar inseridas no corpo do texto para proporcionar um melhor fluxo de leitura e compreens\u00e3o do trabalho como um todo. Caso haja texto dentro da figura, este deve acompanhar o idioma do trabalho e estar leg\u00edvel.<br><br>\nAs legendas das figuras devem iniciar-se com a palavra \"Figura\", seguida da numera\u00e7\u00e3o em algarismos ar\u00e1bicos com ponto e em negrito, e posteriormente o respectivo t\u00edtulo. Todas as figuras devem ser citadas no texto, apresentar legenda e fonte de origem, e toda legenda deve indicar a qual figura se refere.\nFiguras n\u00e3o-originais (de outro autor ou trabalho) devem conter, ap\u00f3s o t\u00edtulo, a fonte de origem. As figuras devem ser dimensionadas da seguinte forma: largura de uma coluna (8 cm) ou de uma p\u00e1gina (17 cm).<br><br>\nPara fotos e mapas, coloridos ou n\u00e3o, deve-se utilizar resolu\u00e7\u00e3o de 150 a 300 dpi. N\u00e3o ser\u00e3o aceitas figuras que repitam as informa\u00e7\u00f5es das tabelas. Fotos coloridas, quando imprescind\u00edveis a crit\u00e9rio da Equipe Editorial, tamb\u00e9m ser\u00e3o aceitas.<br><br>\nN\u00e3o devem ser utilizadas linhas de borda na \u00e1rea de plotagem nem na \u00e1rea do gr\u00e1fico (figura). Nos gr\u00e1ficos, as designa\u00e7\u00f5es das vari\u00e1veis dos eixos X e Y devem ter iniciais mai\u00fasculas, seguidas das unidades entre par\u00eanteses. O t\u00edtulo no segundo idioma do trabalho deve ser apresentado em ingl\u00eas, caso o trabalho esteja em portugu\u00eas, e vice-versa.<br><br><b>\nSiglas e abrevia\u00e7\u00f5es: <\/b><br><br>\n\u2022\tSe a sigla for lida como uma palavra e tiver mais de tr\u00eas letras, apenas a letra inicial deve ser mai\u00fascula.<br><br>\n\u2022\tNos demais casos (siglas at\u00e9 tr\u00eas letras e aquelas que s\u00e3o lidas letra a letra, sem formar uma palavra), todas as letras devem ser mai\u00fasculas.<br><br>\n\u2022\tO nome por extenso de uma institui\u00e7\u00e3o deve ter apenas a primeira letra de cada nome em mai\u00fascula.<br><br><b>\nTermos em latim: <\/b><br><br>\nOs termos em latim devem ser apresentados em it\u00e1lico, exceto para o termo \"et al.\".<br><br>\n<b>Termos estrangeiros:<\/b><br><br>\nDevem ser mantidos em destaque apenas os termos espec\u00edficos ressaltados no trabalho; palavras incorporadas \u00e0 l\u00edngua portuguesa, como \"marketing\", \"e-mail\", \"software\", etc., n\u00e3o devem ser destacadas.<br><br>\nAp\u00f3s conferir a <b>formata\u00e7\u00e3o<\/b> e ter preparado os arquivos de acordo com as recomenda\u00e7\u00f5es acima, siga para a <b>etapa de Submiss\u00e3o On-line na aba \"ENVIAR SUBMISS\u00c3O\".<\/b>\n\n<\/p><\/div><\/div>\t\t\t\t<\/div>\n\t\t\t\t<\/div>\n\t\t\t\t\t<\/div>\n\t\t<\/div>\n\t\t\t\t\t<\/div>\n\t\t<\/section>\n\t\t\t\t<\/div>\n\t\t","protected":false},"excerpt":{"rendered":"<p>Normas de Submiss\u00e3o Prezado autor, As instru\u00e7\u00f5es a seguir t\u00eam como objetivo auxili\u00e1-lo na prepara\u00e7\u00e3o dos trabalhos cient\u00edficos a serem submetidos \u00e0 Revista Cient\u00edfica FADESA. Por favor, leia e siga cuidadosamente as recomenda\u00e7\u00f5es antes de enviar o seu trabalho. A submiss\u00e3o deve ser feita por meio do formul\u00e1rio pr\u00f3prio dispon\u00edvel na aba &#8220;ENVIAR SUBMISS\u00c3O&#8221;. Agradecemos &hellip;<\/p>\n<p class=\"read-more\"> <a class=\"\" href=\"https:\/\/revistafadesa.com\/index.php\/shop\/normas-de-avaliacao\/\"> <span class=\"screen-reader-text\">Normas de Avalia\u00e7\u00e3o<\/span> Read More &raquo;<\/a><\/p>\n","protected":false},"author":1,"featured_media":0,"parent":25166,"menu_order":0,"comment_status":"closed","ping_status":"closed","template":"","meta":{"om_disable_all_campaigns":false,"_uag_custom_page_level_css":"","_mi_skip_tracking":false,"_monsterinsights_sitenote_active":false,"_monsterinsights_sitenote_note":"","_monsterinsights_sitenote_category":0,"site-sidebar-layout":"no-sidebar","site-content-layout":"page-builder","ast-global-header-display":"","ast-banner-title-visibility":"","ast-main-header-display":"","ast-hfb-above-header-display":"","ast-hfb-below-header-display":"","ast-hfb-mobile-header-display":"","site-post-title":"disabled","ast-breadcrumbs-content":"","ast-featured-img":"disabled","footer-sml-layout":"","theme-transparent-header-meta":"enabled","adv-header-id-meta":"","stick-header-meta":"","header-above-stick-meta":"","header-main-stick-meta":"","header-below-stick-meta":"","footnotes":""},"aioseo_notices":[],"uagb_featured_image_src":{"full":false,"thumbnail":false,"medium":false,"medium_large":false,"large":false,"1536x1536":false,"2048x2048":false,"woocommerce_thumbnail":false,"woocommerce_single":false,"woocommerce_gallery_thumbnail":false},"uagb_author_info":{"display_name":"revistafadesa.com","author_link":"https:\/\/revistafadesa.com\/index.php\/author\/revistafadesa-com\/"},"uagb_comment_info":0,"uagb_excerpt":"Normas de Submiss\u00e3o Prezado autor, As instru\u00e7\u00f5es a seguir t\u00eam como objetivo auxili\u00e1-lo na prepara\u00e7\u00e3o dos trabalhos cient\u00edficos a serem submetidos \u00e0 Revista Cient\u00edfica FADESA. Por favor, leia e siga cuidadosamente as recomenda\u00e7\u00f5es antes de enviar o seu trabalho. A submiss\u00e3o deve ser feita por meio do formul\u00e1rio pr\u00f3prio dispon\u00edvel na aba &#8220;ENVIAR SUBMISS\u00c3O&#8221;. Agradecemos&hellip;","_links":{"self":[{"href":"https:\/\/revistafadesa.com\/index.php\/wp-json\/wp\/v2\/pages\/25387"}],"collection":[{"href":"https:\/\/revistafadesa.com\/index.php\/wp-json\/wp\/v2\/pages"}],"about":[{"href":"https:\/\/revistafadesa.com\/index.php\/wp-json\/wp\/v2\/types\/page"}],"author":[{"embeddable":true,"href":"https:\/\/revistafadesa.com\/index.php\/wp-json\/wp\/v2\/users\/1"}],"replies":[{"embeddable":true,"href":"https:\/\/revistafadesa.com\/index.php\/wp-json\/wp\/v2\/comments?post=25387"}],"version-history":[{"count":24,"href":"https:\/\/revistafadesa.com\/index.php\/wp-json\/wp\/v2\/pages\/25387\/revisions"}],"predecessor-version":[{"id":25513,"href":"https:\/\/revistafadesa.com\/index.php\/wp-json\/wp\/v2\/pages\/25387\/revisions\/25513"}],"up":[{"embeddable":true,"href":"https:\/\/revistafadesa.com\/index.php\/wp-json\/wp\/v2\/pages\/25166"}],"wp:attachment":[{"href":"https:\/\/revistafadesa.com\/index.php\/wp-json\/wp\/v2\/media?parent=25387"}],"curies":[{"name":"wp","href":"https:\/\/api.w.org\/{rel}","templated":true}]}}